{"id":48,"date":"2012-10-06T15:34:14","date_gmt":"2012-10-06T15:34:14","guid":{"rendered":"http:\/\/www.musique-cugy-vesin.ch\/indexw.php\/?page_id=48"},"modified":"2020-10-19T19:06:15","modified_gmt":"2020-10-19T17:06:15","slug":"contact","status":"publish","type":"page","link":"https:\/\/www.musique-cugy-vesin.ch\/?page_id=48","title":{"rendered":"Contacts"},"content":{"rendered":"\n<h3 class=\"wp-block-heading\">Nous contacter<\/h3>\n\n\n\n<p class=\"wp-block-paragraph\">Vous pouvez nous joindre en utilisant les coordonn\u00e9es ci-dessous ou directement aupr\u00e8s de notre pr\u00e9sident par email \u00e0 <a href=\"mailto:president@musique-cugy-vesin.ch\">president@musique-cugy-vesin.ch<\/a><\/p>\n\n\n\n<p class=\"wp-block-paragraph\">Nous sommes ouverts \u00e0 tous types de prestations : f\u00eate, concert, concert ap\u00e9ritif, d\u00e9fil\u00e9, &#8230;<br>N&rsquo;h\u00e9sitez pas \u00e0 nous contacter !<\/p>\n\n\n\n<hr class=\"wp-block-separator is-style-wide\"\/>\n\n\n\n<h3 class=\"wp-block-heading\">Adresse postale<\/h3>\n\n\n\n<p class=\"wp-block-paragraph\">Fanfare Paroissiale l\u2019Union Cugy-Vesin<br>1482 Cugy<\/p>\n\n\n\n<hr class=\"wp-block-separator is-style-wide\"\/>\n\n\n\n<h3 class=\"wp-block-heading\">Coordonn\u00e9e bancaire<\/h3>\n\n\n\n<p class=\"wp-block-paragraph\">Notre num\u00e9ro de compte IBAN : CH12 0076 8300 1190 5250 6<\/p>\n\n\n\n<p class=\"wp-block-paragraph\">Banque Cantonale Estavayer-Le-Lac<br>Fanfare Paroissiale Cugy-Vesin<br>1482 Cugy<\/p>\n","protected":false},"excerpt":{"rendered":"<p>Nous contacter Vous pouvez nous joindre en utilisant les coordonn\u00e9es ci-dessous ou directement aupr\u00e8s de notre pr\u00e9sident par email \u00e0 president@musique-cugy-vesin.ch Nous sommes ouverts \u00e0 tous types de prestations : f\u00eate, concert, concert ap\u00e9ritif, d\u00e9fil\u00e9, &#8230;N&rsquo;h\u00e9sitez pas \u00e0 nous contacter ! Adresse postale Fanfare Paroissiale l\u2019Union Cugy-Vesin1482 Cugy Coordonn\u00e9e bancaire Notre num\u00e9ro de compte IBAN&hellip; <a class=\"more-link\" href=\"https:\/\/www.musique-cugy-vesin.ch\/?page_id=48\">Poursuivre la lecture <span class=\"screen-reader-text\">Contacts<\/span><\/a><\/p>\n","protected":false},"author":3,"featured_media":0,"parent":0,"menu_order":0,"comment_status":"closed","ping_status":"open","template":"","meta":{"_crdt_document":"","ngg_post_thumbnail":0,"footnotes":""},"class_list":["post-48","page","type-page","status-publish","hentry","entry"],"_links":{"self":[{"href":"https:\/\/www.musique-cugy-vesin.ch\/index.php?rest_route=\/wp\/v2\/pages\/48","targetHints":{"allow":["GET"]}}],"collection":[{"href":"https:\/\/www.musique-cugy-vesin.ch\/index.php?rest_route=\/wp\/v2\/pages"}],"about":[{"href":"https:\/\/www.musique-cugy-vesin.ch\/index.php?rest_route=\/wp\/v2\/types\/page"}],"author":[{"embeddable":true,"href":"https:\/\/www.musique-cugy-vesin.ch\/index.php?rest_route=\/wp\/v2\/users\/3"}],"replies":[{"embeddable":true,"href":"https:\/\/www.musique-cugy-vesin.ch\/index.php?rest_route=%2Fwp%2Fv2%2Fcomments&post=48"}],"version-history":[{"count":18,"href":"https:\/\/www.musique-cugy-vesin.ch\/index.php?rest_route=\/wp\/v2\/pages\/48\/revisions"}],"predecessor-version":[{"id":7243,"href":"https:\/\/www.musique-cugy-vesin.ch\/index.php?rest_route=\/wp\/v2\/pages\/48\/revisions\/7243"}],"wp:attachment":[{"href":"https:\/\/www.musique-cugy-vesin.ch\/index.php?rest_route=%2Fwp%2Fv2%2Fmedia&parent=48"}],"curies":[{"name":"wp","href":"https:\/\/api.w.org\/{rel}","templated":true}]}}