{"id":4651,"date":"2017-09-30T10:53:25","date_gmt":"2017-09-30T08:53:25","guid":{"rendered":"http:\/\/www.musique-cugy-vesin.ch\/?page_id=4651"},"modified":"2017-10-09T10:20:50","modified_gmt":"2017-10-09T08:20:50","slug":"programme-des-repetitions-fanfare-2017-2018","status":"publish","type":"page","link":"https:\/\/www.musique-cugy-vesin.ch\/?page_id=4651","title":{"rendered":"Programme des r\u00e9p\u00e9titions de la fanfare 2017 &#8211; 2018"},"content":{"rendered":"<table class=\"alternatecolors\">\n<tbody>\n<tr class=\"titre\">\n<td colspan=\"3\">2017<\/td>\n<\/tr>\n<tr class=\"italique\">\n<td style=\"width: 170px;\">Samedi 02 septembre<\/td>\n<td style=\"width: 80px;\">17h45<\/td>\n<td>Mise en place salle et Loto<\/td>\n<\/tr>\n<tr>\n<td>Jeudi 14 septembre<\/td>\n<td>20h00<\/td>\n<td>G\u00e9n\u00e9rale<\/td>\n<\/tr>\n<tr>\n<td>Lundi 18 septembre<\/td>\n<td>20h00<\/td>\n<td>G\u00e9n\u00e9rale<\/td>\n<\/tr>\n<tr>\n<td>Jeudi 21 septembre<\/td>\n<td>20h00<\/td>\n<td>G\u00e9n\u00e9rale<\/td>\n<\/tr>\n<tr class=\"important\">\n<td>Dimanche 24 octobre<\/td>\n<td>09h00<\/td>\n<td>Confirmation RDV \u00e9cole (costume rouge \/ messe 9h30)<\/td>\n<\/tr>\n<tr>\n<td>Lundi 25 septembre<\/td>\n<td>20h00<\/td>\n<td>Partielle petit<\/td>\n<\/tr>\n<tr>\n<td>Jeudi 28 septembre<\/td>\n<td>20h00<\/td>\n<td>Partielle gros<\/td>\n<\/tr>\n<tr>\n<td>Lundi 02 octobre<\/td>\n<td>20h00<\/td>\n<td>Partielle petit<\/td>\n<\/tr>\n<tr>\n<td>Jeudi 05 octobre<\/td>\n<td>20h00<\/td>\n<td>Partielle gros<\/td>\n<\/tr>\n<tr class=\"important\">\n<td>Vendredi 06 octobre<\/td>\n<td>20h00<\/td>\n<td>Assembl\u00e9e ordinaire (19h30 pour consulter le PV 2016-2017) H\u00f4tel restaurant de l&rsquo;Ange<\/td>\n<\/tr>\n<tr>\n<td>Lundi 09 octobre<\/td>\n<td>20h00<\/td>\n<td>G\u00e9n\u00e9rale<\/td>\n<\/tr>\n<tr>\n<td>Jeudi 12 octobre<\/td>\n<td>20h00<\/td>\n<td>Partielle gros<\/td>\n<\/tr>\n<tr>\n<td>Lundi 16 octobre<\/td>\n<td>20h00<\/td>\n<td>Partielle petit<\/td>\n<\/tr>\n<tr>\n<td>Lundi 23 octobre<\/td>\n<td>20h00<\/td>\n<td>Partielle percussion<\/td>\n<\/tr>\n<tr>\n<td>Jeudi 26 octobre<\/td>\n<td>20h00<\/td>\n<td>G\u00e9n\u00e9rale<\/td>\n<\/tr>\n<tr>\n<td>Lundi 30 octobre<\/td>\n<td>20h00<\/td>\n<td>Partielle petit<\/td>\n<\/tr>\n<tr>\n<td>Jeudi 02 novembre<\/td>\n<td>20h00<\/td>\n<td>Partielle gros<\/td>\n<\/tr>\n<tr class=\"important\">\n<td>Dimanche 05 novembre<\/td>\n<td>9h-16h<\/td>\n<td>S\u00e9minaire<\/td>\n<\/tr>\n<tr>\n<td>Jeudi 09 novembre<\/td>\n<td>20h00<\/td>\n<td>G\u00e9n\u00e9rale<\/td>\n<\/tr>\n<tr>\n<td>Lundi 13 novembre<\/td>\n<td>20h00<\/td>\n<td>G\u00e9n\u00e9rale<\/td>\n<\/tr>\n<tr>\n<td>Jeudi 16 novembre<\/td>\n<td>20h00<\/td>\n<td>G\u00e9n\u00e9rale<\/td>\n<\/tr>\n<tr class=\"important\">\n<td>Dimanche 19 novembre<\/td>\n<td>8h30<\/td>\n<td>St C\u00e9cile (Costume viole \/ messe 10h)<\/td>\n<\/tr>\n<tr>\n<td>Jeudi 23 novembre<\/td>\n<td>20h00<\/td>\n<td>G\u00e9n\u00e9rale<\/td>\n<\/tr>\n<tr>\n<td>Lundi 27 novembre<\/td>\n<td>20h00<\/td>\n<td>G\u00e9n\u00e9rale<\/td>\n<\/tr>\n<tr>\n<td>Lundi 04 d\u00e9cembre<\/td>\n<td>20h00<\/td>\n<td>G\u00e9n\u00e9rale<\/td>\n<\/tr>\n<tr>\n<td>Jeudi 07 d\u00e9cembre<\/td>\n<td>20h00<\/td>\n<td>G\u00e9n\u00e9rale<\/td>\n<\/tr>\n<tr>\n<td>Samedi 09 d\u00e9cembre<\/td>\n<td>10h00-11h00<\/td>\n<td>D\u00e9couvre et essaye la musique \u00ab FriTime \u00bb Local de musique<\/td>\n<\/tr>\n<tr>\n<td>Lundi 11 d\u00e9cembre<\/td>\n<td>20h00<\/td>\n<td>G\u00e9n\u00e9rale<\/td>\n<\/tr>\n<tr>\n<td>Jeudi 14 d\u00e9cembre<\/td>\n<td>20h00<\/td>\n<td>G\u00e9n\u00e9rale<\/td>\n<\/tr>\n<tr>\n<td>Vendredi 15 d\u00e9cembre<\/td>\n<td>18h30<\/td>\n<td>Audition de No\u00ebl<\/td>\n<\/tr>\n<tr class=\"important\">\n<td>Dimanche 17 d\u00e9cembre<\/td>\n<td>12h30<\/td>\n<td>Concert de No\u00ebl (Costume violet \/concert 14h30)<\/td>\n<\/tr>\n<tr class=\"italique\">\n<td>Samedi 23 d\u00e9cembre<\/td>\n<td>17h45<\/td>\n<td>Mise en place salle et Loto<\/td>\n<\/tr>\n<tr class=\"titre\">\n<td colspan=\"3\">2018<\/td>\n<\/tr>\n<tr>\n<td>Jeudi 11 janvier<\/td>\n<td>20h00<\/td>\n<td>G\u00e9n\u00e9rale<\/td>\n<\/tr>\n<tr>\n<td>Lundi 15 janvier<\/td>\n<td>20h00<\/td>\n<td>Partielle petit<\/td>\n<\/tr>\n<tr>\n<td>Jeudi 18 janvier<\/td>\n<td>20h00<\/td>\n<td>Partielle gros<\/td>\n<\/tr>\n<tr>\n<td>Lundi 22 janvier<\/td>\n<td>20h00<\/td>\n<td>Partielle percussion<\/td>\n<\/tr>\n<tr>\n<td>Jeudi 25 janvier<\/td>\n<td>20h00<\/td>\n<td>Partielle gros<\/td>\n<\/tr>\n<tr class=\"important\">\n<td>Dimanche 28 janvier<\/td>\n<td>Journ\u00e9e<\/td>\n<td>Sortie \u00e0 ski facultative<\/td>\n<\/tr>\n<tr>\n<td>Lundi 29 janvier<\/td>\n<td>20h00<\/td>\n<td>Partielle petit<\/td>\n<\/tr>\n<tr>\n<td>Jeudi 01 f\u00e9vrier<\/td>\n<td>20h00<\/td>\n<td>Partielle gros<\/td>\n<\/tr>\n<tr>\n<td>Lundi 05 f\u00e9vrier<\/td>\n<td>20h00<\/td>\n<td>G\u00e9n\u00e9rale<\/td>\n<\/tr>\n<tr>\n<td>Jeudi 08 f\u00e9vrier<\/td>\n<td>20h00<\/td>\n<td>G\u00e9n\u00e9rale<\/td>\n<\/tr>\n<tr>\n<td>Lundi 19 f\u00e9vrier<\/td>\n<td>20h00<\/td>\n<td>G\u00e9n\u00e9rale<\/td>\n<\/tr>\n<tr>\n<td>Jeudi 22 f\u00e9vrier<\/td>\n<td>19h00<\/td>\n<td>Mise en place pour la soir\u00e9e fondue<\/td>\n<\/tr>\n<tr class=\"important\">\n<td>Vendredi 23 f\u00e9vrier<\/td>\n<td>18h<\/td>\n<td>Soir\u00e9e fondue<\/td>\n<\/tr>\n<tr class=\"important\">\n<td rowspan=\"2\">Samedi 24 f\u00e9vrier<\/td>\n<td>11H<\/td>\n<td>Rangements<\/td>\n<\/tr>\n<tr class=\"important\">\n<td>18h<\/td>\n<td>Soir\u00e9e fondue<\/td>\n<\/tr>\n<tr class=\"important\">\n<td>Dimanche 25 f\u00e9vrier<\/td>\n<td>13h<\/td>\n<td>Rangement de la salle<\/td>\n<\/tr>\n<tr>\n<td>Jeudi 01 mars<\/td>\n<td>20h00<\/td>\n<td>G\u00e9n\u00e9rale<\/td>\n<\/tr>\n<tr>\n<td>Lundi 05 mars<\/td>\n<td>20h00<\/td>\n<td>Partielle petit<\/td>\n<\/tr>\n<tr>\n<td>Jeudi 08 mars<\/td>\n<td>20h00<\/td>\n<td>Partielle gros<\/td>\n<\/tr>\n<tr>\n<td>Lundi 12 mars<\/td>\n<td>20h00<\/td>\n<td>Partielle petit<\/td>\n<\/tr>\n<tr>\n<td>Jeudi 15 mars<\/td>\n<td>20h00<\/td>\n<td>Partielle gros<\/td>\n<\/tr>\n<tr class=\"important\">\n<td>Dimanche 18 mars<\/td>\n<td>9h00 &#8211; 16h00<\/td>\n<td>S\u00e9minaire<\/td>\n<\/tr>\n<tr>\n<td>Lundi 19 mars<\/td>\n<td>20h00<\/td>\n<td>Partielle percussion<\/td>\n<\/tr>\n<tr>\n<td>Jeudi 22 mars<\/td>\n<td>20h00<\/td>\n<td>G\u00e9n\u00e9rale<\/td>\n<\/tr>\n<tr>\n<td>Lundi 26 mars<\/td>\n<td>20h00<\/td>\n<td>G\u00e9n\u00e9rale<\/td>\n<\/tr>\n<tr>\n<td>Jeudi 29 mars<\/td>\n<td>20h00<\/td>\n<td>G\u00e9n\u00e9rale<\/td>\n<\/tr>\n<tr>\n<td>Jeudi 05 avril<\/td>\n<td>20h00<\/td>\n<td>G\u00e9n\u00e9rale<\/td>\n<\/tr>\n<tr>\n<td>Lundi 09 avril<\/td>\n<td>20h00<\/td>\n<td>G\u00e9n\u00e9rale<\/td>\n<\/tr>\n<tr>\n<td>Jeudi 12 avril<\/td>\n<td>20h00<\/td>\n<td>G\u00e9n\u00e9rale<\/td>\n<\/tr>\n<tr>\n<td>Lundi 16 avril<\/td>\n<td>20h00<\/td>\n<td>G\u00e9n\u00e9rale<\/td>\n<\/tr>\n<tr>\n<td>Jeudi 19 avril<\/td>\n<td>20h00<\/td>\n<td>G\u00e9n\u00e9rale<\/td>\n<\/tr>\n<tr class=\"important\">\n<td>Dimanche 22 avril<\/td>\n<td>9h00 &#8211; 13h00<\/td>\n<td>S\u00e9minaire<\/td>\n<\/tr>\n<tr>\n<td>Lundi 23 avril<\/td>\n<td>20h00<\/td>\n<td>G\u00e9n\u00e9rale<\/td>\n<\/tr>\n<tr class=\"important\">\n<td>Mardi 24 avril<\/td>\n<td>20h00<\/td>\n<td>Montage des bars, de la d\u00e9co et mise en place de la salle<\/td>\n<\/tr>\n<tr class=\"important\">\n<td>Mercredi 25 avril<\/td>\n<td>18h30<\/td>\n<td>R\u00e9p\u00e9tition g\u00e9n\u00e9rale Fl\u00fbte, Jeunes Cuivres et Fanfare 19h30<\/td>\n<\/tr>\n<tr class=\"important\">\n<td>Vendredi 27 avril<\/td>\n<td>19h00<\/td>\n<td>Concert annuel \/ chauffe 19h15 (Costume violet)<\/td>\n<\/tr>\n<tr class=\"important\">\n<td rowspan=\"2\">Samedi 28 avril<\/td>\n<td>10h00<\/td>\n<td>Rangement salle<\/td>\n<\/tr>\n<tr class=\"important\">\n<td>19h00<\/td>\n<td>Concert annuel \/ chauffe 19h15 (Costume violet)<\/td>\n<\/tr>\n<tr class=\"important\">\n<td>Dimanche 29 avril<\/td>\n<td>13h00<\/td>\n<td>Rangements<\/td>\n<\/tr>\n<tr>\n<td>Jeudi 03 avril<\/td>\n<td>20h00<\/td>\n<td>G\u00e9n\u00e9rale + marchante<\/td>\n<\/tr>\n<tr class=\"important\">\n<td>Dimanche 06 mai<\/td>\n<td>9h00<\/td>\n<td>1\u00e8re Communion RDV \u00e9cole, costume rouge (costume rouge)<\/td>\n<\/tr>\n<tr>\n<td>Lundi 07 mai<\/td>\n<td>20h00<\/td>\n<td>G\u00e9n\u00e9rale<\/td>\n<\/tr>\n<tr>\n<td>Jeudi 10 mai<\/td>\n<td>20h00<\/td>\n<td>G\u00e9n\u00e9rale + marchante<\/td>\n<\/tr>\n<tr>\n<td>Lundi 14 mai<\/td>\n<td>20h00<\/td>\n<td>G\u00e9n\u00e9rale<\/td>\n<\/tr>\n<tr>\n<td>Jeudi 17 mai<\/td>\n<td>20h00<\/td>\n<td>G\u00e9n\u00e9rale + marchante<\/td>\n<\/tr>\n<tr class=\"important\">\n<td>Samedi 19 mai<\/td>\n<td>A d\u00e9finir<\/td>\n<td>Giron \u00e0 Surpierre<\/td>\n<\/tr>\n<tr class=\"important\">\n<td>Dimanche 20 mai<\/td>\n<td>A d\u00e9finir<\/td>\n<td>Giron \u00e0 Surpierre<\/td>\n<\/tr>\n<tr>\n<td>Lundi 28 mai<\/td>\n<td>19h00<\/td>\n<td>Marchante avec les jeunes cuivre + G\u00e9n\u00e9rale<\/td>\n<\/tr>\n<tr class=\"important\">\n<td>Jeudi 31 mai<\/td>\n<td>9h00<\/td>\n<td>F\u00eate Dieu RDV \u00e9cole (costume rouge)<\/td>\n<\/tr>\n<tr class=\"italique\">\n<td>Samedi 02 juin<\/td>\n<td>17h45<\/td>\n<td>Mise en place salle\/Loto<\/td>\n<\/tr>\n<tr class=\"important\">\n<td>Vendredi 29 juin<\/td>\n<td>18h30<\/td>\n<td>Cl\u00f4ture de la saison, Jeunes Cuivres, fl\u00fbte, grillades (Tenue Polo)<\/td>\n<\/tr>\n<tr class=\"important\">\n<td>Mercredi 01 ao\u00fbt<\/td>\n<td>19h30<\/td>\n<td>F\u00eate nationale \u00e0 Cugy organisation fanfare et jeunesse de Vesin<\/td>\n<\/tr>\n<tr class=\"important\">\n<td>Dimanche 26 ao\u00fbt<\/td>\n<td>La journ\u00e9e<\/td>\n<td>Broche familles (date provisoire)<\/td>\n<\/tr>\n<\/tbody>\n<\/table>\n","protected":false},"excerpt":{"rendered":"<p>2017 Samedi 02 septembre 17h45 Mise en place salle et Loto Jeudi 14 septembre 20h00 G\u00e9n\u00e9rale Lundi 18 septembre 20h00 G\u00e9n\u00e9rale Jeudi 21 septembre 20h00 G\u00e9n\u00e9rale Dimanche 24 octobre 09h00 Confirmation RDV \u00e9cole (costume rouge \/ messe 9h30) Lundi 25 septembre 20h00 Partielle petit Jeudi 28 septembre 20h00 Partielle gros Lundi 02 octobre 20h00 Partielle&hellip; <a class=\"more-link\" href=\"https:\/\/www.musique-cugy-vesin.ch\/?page_id=4651\">Poursuivre la lecture <span class=\"screen-reader-text\">Programme des r\u00e9p\u00e9titions de la fanfare 2017 &#8211; 2018<\/span><\/a><\/p>\n","protected":false},"author":3,"featured_media":0,"parent":0,"menu_order":0,"comment_status":"closed","ping_status":"closed","template":"","meta":{"_crdt_document":"","ngg_post_thumbnail":0,"footnotes":""},"class_list":["post-4651","page","type-page","status-publish","hentry","entry"],"_links":{"self":[{"href":"https:\/\/www.musique-cugy-vesin.ch\/index.php?rest_route=\/wp\/v2\/pages\/4651","targetHints":{"allow":["GET"]}}],"collection":[{"href":"https:\/\/www.musique-cugy-vesin.ch\/index.php?rest_route=\/wp\/v2\/pages"}],"about":[{"href":"https:\/\/www.musique-cugy-vesin.ch\/index.php?rest_route=\/wp\/v2\/types\/page"}],"author":[{"embeddable":true,"href":"https:\/\/www.musique-cugy-vesin.ch\/index.php?rest_route=\/wp\/v2\/users\/3"}],"replies":[{"embeddable":true,"href":"https:\/\/www.musique-cugy-vesin.ch\/index.php?rest_route=%2Fwp%2Fv2%2Fcomments&post=4651"}],"version-history":[{"count":60,"href":"https:\/\/www.musique-cugy-vesin.ch\/index.php?rest_route=\/wp\/v2\/pages\/4651\/revisions"}],"predecessor-version":[{"id":6115,"href":"https:\/\/www.musique-cugy-vesin.ch\/index.php?rest_route=\/wp\/v2\/pages\/4651\/revisions\/6115"}],"wp:attachment":[{"href":"https:\/\/www.musique-cugy-vesin.ch\/index.php?rest_route=%2Fwp%2Fv2%2Fmedia&parent=4651"}],"curies":[{"name":"wp","href":"https:\/\/api.w.org\/{rel}","templated":true}]}}