{"id":230,"date":"2012-10-09T08:03:17","date_gmt":"2012-10-09T08:03:17","guid":{"rendered":"http:\/\/www.musique-cugy-vesin.ch\/indexw.php\/?page_id=230"},"modified":"2024-09-11T11:02:39","modified_gmt":"2024-09-11T09:02:39","slug":"cours","status":"publish","type":"page","link":"https:\/\/www.musique-cugy-vesin.ch\/?page_id=230","title":{"rendered":"Cours"},"content":{"rendered":"\n<p class=\"wp-block-paragraph\">Voici la liste des classes au sein de notre \u00e9cole de musique pour la saison 2024 &#8211; 2025<\/p>\n\n\n\n<h3 class=\"wp-block-heading\">Cours donn\u00e9s \u00e0 Cugy<\/h3>\n\n\n\n<ul class=\"wp-block-list\">\n<li>Eveil \u00e0 la musique par Marianne B\u00fcrgy<\/li>\n\n\n\n<li>Classe cuivre donn\u00e9e par Didier Conus<\/li>\n\n\n\n<li>Classe cuivre donn\u00e9e par Mathias Jaquier<\/li>\n\n\n\n<li>Classe tambour donn\u00e9e par Ludovic Frochaux<\/li>\n<\/ul>\n\n\n\n<h3 class=\"wp-block-heading\">Cours ext\u00e9rieurs \u00e0 Cugy<\/h3>\n\n\n\n<ul class=\"wp-block-list\">\n<li>Sylvie Ayer, percussions<\/li>\n\n\n\n<li>Maxime Favrod, percussions<\/li>\n\n\n\n<li>J\u00e9r\u00e9my Monnet, trombone<\/li>\n\n\n\n<li>Gilles Rocha, cuivres<\/li>\n<\/ul>\n\n\n\n<p class=\"wp-block-paragraph\"><\/p>\n","protected":false},"excerpt":{"rendered":"<p>Voici la liste des classes au sein de notre \u00e9cole de musique pour la saison 2024 &#8211; 2025 Cours donn\u00e9s \u00e0 Cugy Cours ext\u00e9rieurs \u00e0 Cugy<\/p>\n","protected":false},"author":3,"featured_media":0,"parent":142,"menu_order":0,"comment_status":"closed","ping_status":"open","template":"","meta":{"_crdt_document":"","ngg_post_thumbnail":0,"footnotes":""},"class_list":["post-230","page","type-page","status-publish","hentry","entry"],"_links":{"self":[{"href":"https:\/\/www.musique-cugy-vesin.ch\/index.php?rest_route=\/wp\/v2\/pages\/230","targetHints":{"allow":["GET"]}}],"collection":[{"href":"https:\/\/www.musique-cugy-vesin.ch\/index.php?rest_route=\/wp\/v2\/pages"}],"about":[{"href":"https:\/\/www.musique-cugy-vesin.ch\/index.php?rest_route=\/wp\/v2\/types\/page"}],"author":[{"embeddable":true,"href":"https:\/\/www.musique-cugy-vesin.ch\/index.php?rest_route=\/wp\/v2\/users\/3"}],"replies":[{"embeddable":true,"href":"https:\/\/www.musique-cugy-vesin.ch\/index.php?rest_route=%2Fwp%2Fv2%2Fcomments&post=230"}],"version-history":[{"count":27,"href":"https:\/\/www.musique-cugy-vesin.ch\/index.php?rest_route=\/wp\/v2\/pages\/230\/revisions"}],"predecessor-version":[{"id":7703,"href":"https:\/\/www.musique-cugy-vesin.ch\/index.php?rest_route=\/wp\/v2\/pages\/230\/revisions\/7703"}],"up":[{"embeddable":true,"href":"https:\/\/www.musique-cugy-vesin.ch\/index.php?rest_route=\/wp\/v2\/pages\/142"}],"wp:attachment":[{"href":"https:\/\/www.musique-cugy-vesin.ch\/index.php?rest_route=%2Fwp%2Fv2%2Fmedia&parent=230"}],"curies":[{"name":"wp","href":"https:\/\/api.w.org\/{rel}","templated":true}]}}

<p class="wp-block-paragraph">Voici la liste des classes au sein de notre école de musique pour la saison 2024 &#8211; 2025</p>



<h3 class="wp-block-heading">Cours donnés à Cugy</h3>



<ul class="wp-block-list">
<li>Eveil à la musique par Marianne Bürgy</li>



<li>Classe cuivre donnée par Didier Conus</li>



<li>Classe cuivre donnée par Mathias Jaquier</li>



<li>Classe tambour donnée par Ludovic Frochaux</li>
</ul>



<h3 class="wp-block-heading">Cours extérieurs à Cugy</h3>



<ul class="wp-block-list">
<li>Sylvie Ayer, percussions</li>



<li>Maxime Favrod, percussions</li>



<li>Jérémy Monnet, trombone</li>



<li>Gilles Rocha, cuivres</li>
</ul>



<p class="wp-block-paragraph"></p>

<p>Voici la liste des classes au sein de notre école de musique pour la saison 2024 &#8211; 2025 Cours donnés à Cugy Cours extérieurs à Cugy</p>
