{"id":162,"date":"2012-10-08T14:19:10","date_gmt":"2012-10-08T14:19:10","guid":{"rendered":"http:\/\/www.musique-cugy-vesin.ch\/indexw.php\/?page_id=162"},"modified":"2026-03-05T16:18:09","modified_gmt":"2026-03-05T15:18:09","slug":"contact-jeunes-cuivres","status":"publish","type":"page","link":"https:\/\/www.musique-cugy-vesin.ch\/?page_id=162","title":{"rendered":"Contacts Jeunes Cuivres"},"content":{"rendered":"\n<div class=\"wp-block-media-text alignwide has-media-on-the-right is-stacked-on-mobile\" style=\"grid-template-columns:auto 35%\"><div class=\"wp-block-media-text__content\">\n<h3 class=\"wp-block-heading\"><strong>Direction musicale : Lionel Gagnaux<\/strong><\/h3>\n\n\n\n<p class=\"wp-block-paragraph\">Berc\u00e9 par sa famille de musicien d\u00e8s son plus jeune \u00e2ge, Lionel \u00e9tudie le trombone au sein de notre \u00e9cole de musique puis au conservatoire de Fribourg, sous l\u2019enseignement de Francesco D\u2019Urso et de Lucas Francey.<\/p>\n\n\n\n<p class=\"wp-block-paragraph\">Il entre \u00e0 la fanfare en 2012 et devient membre \u00e9galement de l\u2019ensemble de cuivres M\u00e9lodia B en 2017.<\/p>\n\n\n\n<p class=\"wp-block-paragraph\">Durant l\u2019\u00e9t\u00e9 2015, il fait partie de la fanfare militaire, mais n&rsquo;est malheureusement pas en mesure d&rsquo;accomplir son service militaire.<\/p>\n\n\n\n<p class=\"wp-block-paragraph\">Attir\u00e9 par la direction, notamment gr\u00e2ce \u00e0 son p\u00e8re, Lionel commence alors les cours de direction de la soci\u00e9t\u00e9 cantonale sous la houlette de St\u00e9phane Delley, Etienne Crausaz et Yann Loosli. Formation qu&rsquo;il achevera en 2016.<\/p>\n\n\n\n<p class=\"wp-block-paragraph\">Il est sous-directeur de la fanfare depuis 2018 et directeur des Jeunes Cuivres depuis 2019.<\/p>\n\n\n\n<p class=\"wp-block-paragraph\"><\/p>\n<\/div><figure class=\"wp-block-media-text__media\"><img fetchpriority=\"high\" decoding=\"async\" width=\"710\" height=\"1024\" src=\"http:\/\/www.musique-cugy-vesin.ch\/wp-content\/uploads\/2019\/10\/lionel_gagnaux-710x1024.jpg\" alt=\"\" class=\"wp-image-6633 size-full\" srcset=\"https:\/\/www.musique-cugy-vesin.ch\/wp-content\/uploads\/2019\/10\/lionel_gagnaux-710x1024.jpg 710w, https:\/\/www.musique-cugy-vesin.ch\/wp-content\/uploads\/2019\/10\/lionel_gagnaux-208x300.jpg 208w, https:\/\/www.musique-cugy-vesin.ch\/wp-content\/uploads\/2019\/10\/lionel_gagnaux.jpg 750w\" sizes=\"(max-width: 710px) 100vw, 710px\" \/><\/figure><\/div>\n\n\n\n<div class=\"wp-block-media-text alignwide has-media-on-the-right is-stacked-on-mobile\" style=\"grid-template-columns:auto 22%\"><div class=\"wp-block-media-text__content\">\n<h3 class=\"wp-block-heading\"><strong>Administration : Sandra Pochon<\/strong><\/h3>\n\n\n\n<p class=\"wp-block-paragraph\">La gestion administrative est assur\u00e9e par Sandra Pochon. Elle s&rsquo;occupe de la convocation des musiciens, de l&rsquo;intendance g\u00e9n\u00e9rale et des formalit\u00e9s relatives aux prestations du groupe. Elle est atteignable par email \u00e0 <a href=\"mailto:em@musique-cugy-vesin.ch\">em@musique-cugy-vesin.ch<\/a>.<\/p>\n\n\n\n<p class=\"wp-block-paragraph\"><\/p>\n<\/div><figure class=\"wp-block-media-text__media\"><img decoding=\"async\" width=\"218\" height=\"353\" src=\"https:\/\/www.musique-cugy-vesin.ch\/wp-content\/uploads\/2026\/03\/Sandra-Comite-octobre-2025.png\" alt=\"\" class=\"wp-image-8065 size-full\" srcset=\"https:\/\/www.musique-cugy-vesin.ch\/wp-content\/uploads\/2026\/03\/Sandra-Comite-octobre-2025.png 218w, https:\/\/www.musique-cugy-vesin.ch\/wp-content\/uploads\/2026\/03\/Sandra-Comite-octobre-2025-185x300.png 185w\" sizes=\"(max-width: 218px) 100vw, 218px\" \/><\/figure><\/div>\n","protected":false},"excerpt":{"rendered":"<p>Direction musicale : Lionel Gagnaux Berc\u00e9 par sa famille de musicien d\u00e8s son plus jeune \u00e2ge, Lionel \u00e9tudie le trombone au sein de notre \u00e9cole de musique puis au conservatoire de Fribourg, sous l\u2019enseignement de Francesco D\u2019Urso et de Lucas Francey. Il entre \u00e0 la fanfare en 2012 et devient membre \u00e9galement de l\u2019ensemble de&hellip; <a class=\"more-link\" href=\"https:\/\/www.musique-cugy-vesin.ch\/?page_id=162\">Poursuivre la lecture <span class=\"screen-reader-text\">Contacts Jeunes Cuivres<\/span><\/a><\/p>\n","protected":false},"author":3,"featured_media":0,"parent":149,"menu_order":0,"comment_status":"closed","ping_status":"open","template":"","meta":{"_crdt_document":"","ngg_post_thumbnail":0,"footnotes":""},"class_list":["post-162","page","type-page","status-publish","hentry","entry"],"_links":{"self":[{"href":"https:\/\/www.musique-cugy-vesin.ch\/index.php?rest_route=\/wp\/v2\/pages\/162","targetHints":{"allow":["GET"]}}],"collection":[{"href":"https:\/\/www.musique-cugy-vesin.ch\/index.php?rest_route=\/wp\/v2\/pages"}],"about":[{"href":"https:\/\/www.musique-cugy-vesin.ch\/index.php?rest_route=\/wp\/v2\/types\/page"}],"author":[{"embeddable":true,"href":"https:\/\/www.musique-cugy-vesin.ch\/index.php?rest_route=\/wp\/v2\/users\/3"}],"replies":[{"embeddable":true,"href":"https:\/\/www.musique-cugy-vesin.ch\/index.php?rest_route=%2Fwp%2Fv2%2Fcomments&post=162"}],"version-history":[{"count":48,"href":"https:\/\/www.musique-cugy-vesin.ch\/index.php?rest_route=\/wp\/v2\/pages\/162\/revisions"}],"predecessor-version":[{"id":8066,"href":"https:\/\/www.musique-cugy-vesin.ch\/index.php?rest_route=\/wp\/v2\/pages\/162\/revisions\/8066"}],"up":[{"embeddable":true,"href":"https:\/\/www.musique-cugy-vesin.ch\/index.php?rest_route=\/wp\/v2\/pages\/149"}],"wp:attachment":[{"href":"https:\/\/www.musique-cugy-vesin.ch\/index.php?rest_route=%2Fwp%2Fv2%2Fmedia&parent=162"}],"curies":[{"name":"wp","href":"https:\/\/api.w.org\/{rel}","templated":true}]}}

<div class="wp-block-media-text alignwide has-media-on-the-right is-stacked-on-mobile" style="grid-template-columns:auto 35%"><div class="wp-block-media-text__content">
<h3 class="wp-block-heading"><strong>Direction musicale : Lionel Gagnaux</strong></h3>



<p class="wp-block-paragraph">Bercé par sa famille de musicien dès son plus jeune âge, Lionel étudie le trombone au sein de notre école de musique puis au conservatoire de Fribourg, sous l’enseignement de Francesco D’Urso et de Lucas Francey.</p>



<p class="wp-block-paragraph">Il entre à la fanfare en 2012 et devient membre également de l’ensemble de cuivres Mélodia B en 2017.</p>



<p class="wp-block-paragraph">Durant l’été 2015, il fait partie de la fanfare militaire, mais n&rsquo;est malheureusement pas en mesure d&rsquo;accomplir son service militaire.</p>



<p class="wp-block-paragraph">Attiré par la direction, notamment grâce à son père, Lionel commence alors les cours de direction de la société cantonale sous la houlette de Stéphane Delley, Etienne Crausaz et Yann Loosli. Formation qu&rsquo;il achevera en 2016.</p>



<p class="wp-block-paragraph">Il est sous-directeur de la fanfare depuis 2018 et directeur des Jeunes Cuivres depuis 2019.</p>



<p class="wp-block-paragraph"></p>
</div><figure class="wp-block-media-text__media"><img fetchpriority="high" decoding="async" width="710" height="1024" src="http://www.musique-cugy-vesin.ch/wp-content/uploads/2019/10/lionel_gagnaux-710x1024.jpg" alt="" class="wp-image-6633 size-full" srcset="https://www.musique-cugy-vesin.ch/wp-content/uploads/2019/10/lionel_gagnaux-710x1024.jpg 710w, https://www.musique-cugy-vesin.ch/wp-content/uploads/2019/10/lionel_gagnaux-208x300.jpg 208w, https://www.musique-cugy-vesin.ch/wp-content/uploads/2019/10/lionel_gagnaux.jpg 750w" sizes="(max-width: 710px) 100vw, 710px" /></figure></div>



<div class="wp-block-media-text alignwide has-media-on-the-right is-stacked-on-mobile" style="grid-template-columns:auto 22%"><div class="wp-block-media-text__content">
<h3 class="wp-block-heading"><strong>Administration : Sandra Pochon</strong></h3>



<p class="wp-block-paragraph">La gestion administrative est assurée par Sandra Pochon. Elle s&rsquo;occupe de la convocation des musiciens, de l&rsquo;intendance générale et des formalités relatives aux prestations du groupe. Elle est atteignable par email à <a href="mailto:em@musique-cugy-vesin.ch">em@musique-cugy-vesin.ch</a>.</p>



<p class="wp-block-paragraph"></p>
</div><figure class="wp-block-media-text__media"><img decoding="async" width="218" height="353" src="https://www.musique-cugy-vesin.ch/wp-content/uploads/2026/03/Sandra-Comite-octobre-2025.png" alt="" class="wp-image-8065 size-full" srcset="https://www.musique-cugy-vesin.ch/wp-content/uploads/2026/03/Sandra-Comite-octobre-2025.png 218w, https://www.musique-cugy-vesin.ch/wp-content/uploads/2026/03/Sandra-Comite-octobre-2025-185x300.png 185w" sizes="(max-width: 218px) 100vw, 218px" /></figure></div>

<p>Direction musicale : Lionel Gagnaux Bercé par sa famille de musicien dès son plus jeune âge, Lionel étudie le trombone au sein de notre école de musique puis au conservatoire de Fribourg, sous l’enseignement de Francesco D’Urso et de Lucas Francey. Il entre à la fanfare en 2012 et devient membre également de l’ensemble de&hellip; <a class="more-link" href="https://www.musique-cugy-vesin.ch/?page_id=162">Poursuivre la lecture <span class="screen-reader-text">Contacts Jeunes Cuivres</span></a></p>
